) = 61*y - 11. Is p(18) composite?
False
Let j be (-50)/1*(-1)/2. Let h = -15 + j. Is h a composite number?
True
Let t(q) = 0 - 2*q - 2*q + 1 - q**2. Let o be t(-4). Is (21/6)/(o/2) prime?
True
Let m(l) = 30*l - 19. Is m(9) a composite number?
False
Let s = 29 + -17. Is (-3 + 33/s)*-148 composite?
False
Let a(h) = -3*h - 2. Let r be a(2). Let z be (-4)/16 + (-26)/r. Suppose -i = z*f - 6, 4*i = -i + 4*f + 11. Is i composite?
False
Let q = 0 - -6. Suppose y + 245 = q*y. Is y prime?
False
Suppose s - 6*s = -870. Let w = 431 - s. Is w a prime number?
True
Let r = -2 + 2. Let m be (-1 + r)/(1/3). Is (m + 2)/(1/(-3)) prime?
True
Let p(f) = 3*f**3 - 2*f**2 + 2*f - 102. Let b(c) = -2*c**3 + c**2 - c + 51. Let d(v) = -5*b(v) - 3*p(v). Suppose 0 = 24*s - 22*s. Is d(s) composite?
True
Let w = 755 + -444. Is w composite?
False
Let c(z) = z**2 - 5*z + 7. Let v = 9 - 4. Is c(v) composite?
False
Let p = 63 + -8. Is p a composite number?
True
Let z = -4 - -8. Let n be (-4)/6 - 28/(-6). Suppose -3*m + 143 = -z*g, -4*g = -n*m + 271 - 75. Is m prime?
True
Let m(n) = -9*n**2 - n. Let k be m(4). Let l be ((-4)/(-8))/(1/k). Let y = 133 + l. Is y composite?
False
Let k(i) = 2*i + 1. Let r(z) = z**3 - 5*z**2 + 3*z + 9. Let n(d) = d**3 - 5*d**2 + 3*d + 8. Let a(x) = -6*n(x) + 5*r(x). Let h be a(3). Is k(h) composite?
False
Suppose -5*f + 337 = i - 62, 3*i = -2*f + 1223. Is i composite?
False
Let i be 0 - 1/(-2)*6. Suppose -i*t = t - 20. Suppose 0 = -h - 5*c + 98, t*c - 261 = -3*h + c. Is h a prime number?
True
Suppose 0*s - 3798 = -2*s. Is s/6*4/6 a prime number?
True
Let y = 180 + 211. Is y a composite number?
True
Suppose u - 280 = 2*v, -3*v - 150 = -2*u + 409. Is u a composite number?
True
Suppose -n = 1, -4*b + 5446 = n - 3*n. Is b prime?
True
Suppose -4*i + i + 3*u = -549, u - 557 = -3*i. Let t(v) = 52*v - 2. Let c be t(-2). Let y = i + c. Is y prime?
True
Let d = -1 - -1. Suppose p + d*p = 3. Suppose -4*f + v + v + 84 = 0, -p*f = -4*v - 58. Is f a composite number?
True
Suppose 0 = -7*o + 3*o - 264. Let w = o + 161. Is w prime?
False
Let j be (14/3)/((-4)/(-6)). Let r(b) = -j*b**3 - 2*b**3 + 3*b**2 + 2*b - 6*b**3 + 1 + 2*b**3. Is r(-3) composite?
False
Let n = 4629 - 3248. Is n prime?
True
Let v(i) = -70*i**3 - i**2 - 2*i - 1. Let s be v(-1). Suppose 5*p + s = 4*q, -2*q - p + 0*p + 28 = 0. Is q composite?
True
Let r(t) = 20*t**3 + 5*t**2 + 3. Is r(4) a prime number?
False
Let o(i) = -i**3 - 6*i**2 - 7*i - 6. Let p be o(-5). Suppose p*g - 3*j = 29 + 38, 3*g - 66 = -3*j. Is g prime?
True
Let b(t) = 3*t**2 - 2*t - 1 + 2 + 2*t**2. Let j = 1 + 0. Is b(j) composite?
True
Let g(c) = c + 24. Let d be g(-9). Suppose -4 = -x, 3*x = 5*r + x - 202. Let y = d + r. Is y a prime number?
False
Suppose 0 = 17*b - 20*b + 5364. Suppose 5*s - b - 637 = 0. Is s prime?
False
Let i = 301 + 255. Let p = 981 - i. Suppose -d - 5*o = -232, -2*d + 3*o = -p - 0. Is d prime?
False
Suppose 0 = 5*h - 588 - 1727. Is h composite?
False
Suppose -6*p + 3*p = -1743. Is p prime?
False
Suppose s + x = 3*x + 134, 0 = 2*s - x - 271. Let p = -41 + s. Is p a composite number?
True
Let d(p) = -487*p + 25. Is d(-4) a prime number?
True
Let t = 67 + 10. Is t a prime number?
False
Is 706 - (-5)/((-10)/(-6)) a composite number?
False
Let u(t) = 10*t**2 - 4*t + 11. Is u(-6) prime?
False
Suppose -1790 = -5*s - 2*l - 189, -4*s - 5*l + 1274 = 0. Is s a composite number?
True
Let l = -2 + 4. Let c be (l/4)/((-3)/18). Is (68 - (-6)/c) + 1 a composite number?
False
Let r(i) = -14*i + 3. Is r(-11) composite?
False
Suppose 3 = 4*v - v. Let w be v/1*-7*1. Let l(d) = -d**2 - 10*d + 2. Is l(w) composite?
False
Let k = 31 + -38. Let g = 9 + -23. Let j = k - g. Is j a composite number?
False
Suppose 0 = -4*c + 3*c + 218. Suppose 0 = -4*j + 6*j - c. Is j prime?
True
Let b(d) = -2*d - 5. Suppose 6*r - h = 4*r - 6, 8 = -4*h. Let v be b(r). Suppose 46 = -j + v*j. Is j a prime number?
True
Let z(l) = l**3 - 7*l**2 + 7*l - 4. Let q be z(4). Let a = q - 43. Let g = a - -120. Is g composite?
False
Let j = 46 - 10. Let s = j - 21. Is s prime?
False
Let k be 0 - 30/(-9)*-3. Is (-10)/(-25) + (-1446)/k composite?
True
Let l = 9 - 2. Is l composite?
False
Let w(o) = -1 + o**2 - 34*o**3 - 21*o**3 - o + 2 - 81*o**3. Let q be w(1). Let y = q + 254. Is y composite?
True
Let g(t) = -t**2 - 7*t - 4 + 3*t - 3*t. Let y be g(-6). Suppose y*a = 6*a - 348. Is a composite?
True
Let z = 3 + -2. Let d(b) be the third derivative of 11*b**5/10 - b**4/24 + 2*b**2. Is d(z) prime?
False
Let w = 5 + -3. Suppose -4*d = -w*d. Suppose 5*p + d = 385. Is p a prime number?
False
Let q = 4951 + -2118. Is q prime?
True
Let b(i) = -i**3 - i**2 + 2*i + 719. Is b(0) a composite number?
False
Suppose -4*i + 24 = -4. Suppose 3*w + 356 = i*w. Is w a prime number?
True
Let g = -4 + 8. Suppose 4*f = 3*s + 23, -2*f + g + 9 = -3*s. Is (s/(-2))/(1/38) a prime number?
True
Let y(v) = v**3 + 12*v**2 + 4*v - 4. Let f be y(-5). Suppose 5*o + 809 = 5*a + 3*o, a - f = -5*o. Is a prime?
False
Suppose 5*z - 4*h + 0*h + 837 = 0, -2*z - 344 = 3*h. Let j(w) = -15*w + 1. Let l be j(7). Let k = l - z. Is k prime?
False
Suppose -15 = -3*o + 4*q - q, 3*q + 15 = 4*o. Suppose 3*r + 4*w - 167 = o, -4*r + 6*r - w = 104. Is r a composite number?
False
Let y(l) = -2 - 1 + 6*l + 12*l**2 + l**2 - l**3. Let o(c) = 2*c**3 - 25*c**2 - 11*c + 5. Let m(r) = -6*o(r) - 11*y(r). Is m(7) a prime number?
True
Let l = 49 + -28. Is l a prime number?
False
Let q(h) = -919*h - 48. Is q(-5) composite?
False
Suppose -4*w + 2*w = -2*d - 48, 5*w + 2*d = 141. Suppose 0 = l - w + 4. Is l composite?
False
Suppose -638 - 912 = -3*m - 5*d, -5*m - 5*d = -2580. Is m composite?
True
Suppose 0 = 2*i - 6*i + 7388. Is i prime?
True
Let m = -100 - -387. Is m a composite number?
True
Let l = -13 + 9. Let w be 368/l - 0/3. Let d = -18 - w. Is d a prime number?
False
Let o = 5 + -5. Suppose o = -0*m - 2*m + 134. Is m composite?
False
Let r(x) be the third derivative of -11*x**4/6 + x**3/6 - x**2. Is r(-2) composite?
False
Suppose -2*w = 0, -3*w - 170 = -p + 335. Is p prime?
False
Let l(q) be the third derivative of 0 + 1/4*q**5 - 1/6*q**3 + 1/8*q**4 + 2*q**2 + 0*q. Is l(2) prime?
False
Suppose 4*k - 80 = 288. Suppose 45 = 3*l - 5*z, 4*z = -7*l + 3*l + k. Let u = -14 + l. Is u a composite number?
True
Suppose x + 40 - 263 = 0. Is x a prime number?
True
Let j(c) = -c**3 - 8*c**2 + 2. Let v be j(-8). Is 1*(0 + (67 - v)) a composite number?
True
Suppose -u - 27177 = -5*i, 6*i - i = -u + 27173. Is i a prime number?
False
Let x = 2585 - 1504. Is x a composite number?
True
Let p = -4 + 4. Suppose 135 + 4 = t - 4*q, -3*q + 3 = p. Suppose 2*d - 15 - t = 0. Is d a prime number?
True
Let j = 7 + -9. Is 26*((-5)/j + 1) prime?
False
Let z = 645 + 28. Is z a composite number?
False
Suppose -4*h = -h. Let v(m) = -m**2 - m + 55. Is v(h) prime?
False
Let i = -229 - -560. Is i a composite number?
False
Let k be 6/12 + (-517)/(-2). Suppose k = 3*v - 2*v. Is v a composite number?
True
Suppose f - 131 = -3*q, -8*f - q = -4*f - 524. Is f a prime number?
True
Suppose -4*l = 4*j - 1596, 0 = 2*l - 2*j - 683 - 131. Suppose -4*c + 12 = -c, -5*z = 2*c - l. Is z a composite number?
False
Let t = -121 - -252. Is t composite?
False
Let a(h) = -h + 5. Let i be a(3). Is (-3969)/(-12) - i/(-8) composite?
False
Suppose -3*t = -8*t + 15. Suppose -4*f - t*s = f - 2092, 416 = f + 3*s. Is f a prime number?
True
Let b(j) = 22*j - 6. Let q be b(7). Suppose f + f = q. Is f composite?
True
Let s be 1 + -1 - 3 - -3. Let z(j) be the third derivative of j**4/24 + 2*j**3/3 + j**2. Is z(s) a prime number?
False
Suppose 2*v = -3*v + 20. Suppose 37 = y + v. Is y composite?
True
Let i be (45/20)/(6/(-80)). Let c be 8/2 + -2 - i. Suppose -b + 33 = -c. Is b prime?
False
Let j(t) = -158*t + 3. Let d be j(-4). Suppose 5*n = -5*k + d, 0*k + 20 = -5*k. Is n prime?
True
Let h(f) = -f**2 - 16*f - 3. Let x be h(-15). Suppose -i = i - x. Is i a composite number?
True
Let y(w) = -71*w - 8. Is y(-7) a composite number?
True
Let l be 6/12 + 430/(-4). Let p = 60 - l. Is p composite?
False
Let y(r) be the first derivative of -91*r**2/2 + r - 4. Let a be y(7). Is 4/(-20) + a/(-5) composite?
False
Let k be (-3 + (-3683 - -3))*-1. Suppose 0*i + 902 = s + 3*i, -4*s = -3*i - k. Is s a composit